{"id":2577,"date":"2024-08-22T17:15:09","date_gmt":"2024-08-22T14:15:09","guid":{"rendered":"https:\/\/www.tacettintatliagiz.com\/2024\/?page_id=2577"},"modified":"2024-08-22T17:16:13","modified_gmt":"2024-08-22T14:16:13","slug":"hakkimda","status":"publish","type":"page","link":"https:\/\/www.tacettintatliagiz.com\/2024\/hakkimda\/","title":{"rendered":"Hakk\u0131mda"},"content":{"rendered":"\n<h4 class=\"wp-block-heading\">Mimar Sinan \u00dcniversitesi, Tasar\u0131m B\u00f6l\u00fcm\u00fc mezunu olan Tatl\u0131a\u011f\u0131z, ayn\u0131 kurumda ayr\u0131ca Foto\u011fraf ve Pedagoji konular\u0131nda lisans derecesi tamamlad\u0131. Uzun y\u0131llar, tan\u0131nm\u0131\u015f tasar\u0131mc\u0131lar ve ulusal &amp; uluslararas\u0131 ajanslarla \u00e7izgi \u00fcst\u00fc Reklam ve Tasar\u0131m \u00e7al\u0131\u015fmalar\u0131 ger\u00e7ekle\u015ftirdi, hem yerel hem de uluslararas\u0131 pazarlara de\u011ferli \u201cMarka Firma-lar\u201d kazand\u0131rd\u0131.<\/h4>\n\n\n\n<p>Tatl\u0131a\u011f\u0131z, bilgilerinin g\u00fcncelli\u011fini desteklemek ve uzmanl\u0131k alanlar\u0131 ile ilgili yeni konular\u0131 ve sekt\u00f6rleri tan\u0131mak ve gerekli g\u00f6rd\u00fc\u011f\u00fc yenilikler ile ilgili uzmanla\u015fmak i\u00e7in hayat felsefesinin ve \u00e7al\u0131\u015fmalar\u0131n\u0131n merkezine s\u00fcrekli e\u011fitim ve \u00f6\u011frenimi koymu\u015ftur. Ba\u015far\u0131yla tamamlad\u0131\u011f\u0131 bir\u00e7ok e\u011fitimin ve derecenin yan\u0131nda, ulusal ve uluslararas\u0131 alanda tasar\u0131m yar\u0131\u015fmalar\u0131nda, \u00f6zellikle marka ruhunu, yapabilirli\u011fini ve fonksiyonunu yakalayan logo tasar\u0131mlar\u0131yla \u00f6d\u00fcller alm\u0131\u015ft\u0131r.<\/p>\n\n\n\n<p>Tatl\u0131a\u011f\u0131z, bilgi ve tecr\u00fcbeyi payla\u015fmay\u0131 ve aktar\u0131m\u0131n\u0131 bir de\u011fer olarak benimsemi\u015f ve bunu bilgi ve e\u011fitimde g\u00fcncel kalmak kadar \u00f6nemli g\u00f6rmektedir. Tatl\u0131a\u011f\u0131z, halen y\u00f6neticilik yapt\u0131\u011f\u0131 dernek ve vak\u0131f gibi sivil toplum kurulu\u015flar\u0131nda ve m\u00fctevelli heyetlerinde topluma hizmet eden ba\u015far\u0131l\u0131 \u00e7al\u0131\u015fmalara imza atm\u0131\u015ft\u0131r.<\/p>\n\n\n\n<blockquote class=\"wp-block-quote is-layout-flow wp-block-quote-is-layout-flow\">\n<h2 class=\"wp-block-heading\">\u0130\u015f mentoru, Marka ve Ambalaj uzman\u0131<\/h2>\n<\/blockquote>\n\n\n\n<p>Tatl\u0131a\u011f\u0131z, Marka ve Packaging konusundaki bilgi ve deneyimi ile \u00e7e\u015fitli \u00fcniversitelerde ve firmalarda e\u011fitim ve seminerler vermekte, kat\u0131l\u0131mc\u0131lara pratik yapabilirlikler kazand\u0131ran at\u00f6lyeler d\u00fczenlemekte ve bireysel, t\u00fczel Mentorluk yapmaktad\u0131r.<\/p>\n","protected":false},"excerpt":{"rendered":"<p>Mimar Sinan \u00dcniversitesi, Tasar\u0131m B\u00f6l\u00fcm\u00fc mezunu olan Tatl\u0131a\u011f\u0131z, ayn\u0131 kurumda ayr\u0131ca Foto\u011fraf ve Pedagoji konular\u0131nda lisans derecesi tamamlad\u0131. Uzun y\u0131llar,&#8230; <\/p>\n<div class=\"readmore\"><a href=\"https:\/\/www.tacettintatliagiz.com\/2024\/hakkimda\/\" class=\"lnk\">Read more<\/a><\/div>\n","protected":false},"author":1,"featured_media":0,"parent":0,"menu_order":0,"comment_status":"closed","ping_status":"closed","template":"","meta":{"_acf_changed":false,"_monsterinsights_skip_tracking":false,"_monsterinsights_sitenote_active":false,"_monsterinsights_sitenote_note":"","_monsterinsights_sitenote_category":0,"footnotes":""},"class_list":["post-2577","page","type-page","status-publish","hentry"],"acf":[],"aioseo_notices":[],"_links":{"self":[{"href":"https:\/\/www.tacettintatliagiz.com\/2024\/wp-json\/wp\/v2\/pages\/2577","targetHints":{"allow":["GET"]}}],"collection":[{"href":"https:\/\/www.tacettintatliagiz.com\/2024\/wp-json\/wp\/v2\/pages"}],"about":[{"href":"https:\/\/www.tacettintatliagiz.com\/2024\/wp-json\/wp\/v2\/types\/page"}],"author":[{"embeddable":true,"href":"https:\/\/www.tacettintatliagiz.com\/2024\/wp-json\/wp\/v2\/users\/1"}],"replies":[{"embeddable":true,"href":"https:\/\/www.tacettintatliagiz.com\/2024\/wp-json\/wp\/v2\/comments?post=2577"}],"version-history":[{"count":4,"href":"https:\/\/www.tacettintatliagiz.com\/2024\/wp-json\/wp\/v2\/pages\/2577\/revisions"}],"predecessor-version":[{"id":2582,"href":"https:\/\/www.tacettintatliagiz.com\/2024\/wp-json\/wp\/v2\/pages\/2577\/revisions\/2582"}],"wp:attachment":[{"href":"https:\/\/www.tacettintatliagiz.com\/2024\/wp-json\/wp\/v2\/media?parent=2577"}],"curies":[{"name":"wp","href":"https:\/\/api.w.org\/{rel}","templated":true}]}}