{"id":2729,"date":"2024-08-23T11:11:08","date_gmt":"2024-08-23T08:11:08","guid":{"rendered":"https:\/\/www.tacettintatliagiz.com\/2024\/?page_id=2729"},"modified":"2024-08-23T11:29:48","modified_gmt":"2024-08-23T08:29:48","slug":"cozum-ortaklari","status":"publish","type":"page","link":"https:\/\/www.tacettintatliagiz.com\/2024\/cozum-ortaklari\/","title":{"rendered":"\u00c7\u00f6z\u00fcm Ortaklar\u0131"},"content":{"rendered":"\t\t<div data-elementor-type=\"wp-page\" data-elementor-id=\"2729\" class=\"elementor elementor-2729\">\n\t\t\t\t\t\t<section class=\"elementor-section elementor-top-section elementor-element elementor-element-a7fc777 elementor-section-boxed elementor-section-height-default elementor-section-height-default\" data-id=\"a7fc777\" data-element_type=\"section\">\n\t\t\t\t\t\t<div class=\"elementor-container elementor-column-gap-default\">\n\t\t\t\t\t<div class=\"elementor-column elementor-col-100 elementor-top-column elementor-element elementor-element-470b962\" data-id=\"470b962\" data-element_type=\"column\">\n\t\t\t<div class=\"elementor-widget-wrap\">\n\t\t\t\t\t\t\t<\/div>\n\t\t<\/div>\n\t\t\t\t\t<\/div>\n\t\t<\/section>\n\t\t\t\t<section class=\"elementor-section elementor-top-section elementor-element elementor-element-4595dac elementor-section-boxed elementor-section-height-default elementor-section-height-default\" data-id=\"4595dac\" data-element_type=\"section\">\n\t\t\t\t\t\t<div class=\"elementor-container elementor-column-gap-default\">\n\t\t\t\t\t<div class=\"elementor-column elementor-col-100 elementor-top-column elementor-element elementor-element-567809f\" data-id=\"567809f\" data-element_type=\"column\">\n\t\t\t<div class=\"elementor-widget-wrap elementor-element-populated\">\n\t\t\t\t\t\t<section class=\"elementor-section elementor-inner-section elementor-element elementor-element-98728c1 elementor-section-boxed elementor-section-height-default elementor-section-height-default\" data-id=\"98728c1\" data-element_type=\"section\">\n\t\t\t\t\t\t<div class=\"elementor-container elementor-column-gap-default\">\n\t\t\t\t\t<div class=\"elementor-column elementor-col-50 elementor-inner-column elementor-element elementor-element-8c491ba\" data-id=\"8c491ba\" data-element_type=\"column\">\n\t\t\t<div class=\"elementor-widget-wrap elementor-element-populated\">\n\t\t\t\t\t\t<div class=\"elementor-element elementor-element-72a7c0c elementor-position-top elementor-widget elementor-widget-image-box\" data-id=\"72a7c0c\" data-element_type=\"widget\" data-widget_type=\"image-box.default\">\n\t\t\t\t<div class=\"elementor-widget-container\">\n\t\t\t<div class=\"elementor-image-box-wrapper\"><figure class=\"elementor-image-box-img\"><img fetchpriority=\"high\" decoding=\"async\" width=\"300\" height=\"300\" src=\"https:\/\/www.tacettintatliagiz.com\/2024\/wp-content\/uploads\/2024\/08\/HumralTan.jpg\" class=\"attachment-full size-full wp-image-2733\" alt=\"\" srcset=\"https:\/\/www.tacettintatliagiz.com\/2024\/wp-content\/uploads\/2024\/08\/HumralTan.jpg 300w, https:\/\/www.tacettintatliagiz.com\/2024\/wp-content\/uploads\/2024\/08\/HumralTan-150x150.jpg 150w\" sizes=\"(max-width: 300px) 100vw, 300px\" \/><\/figure><div class=\"elementor-image-box-content\"><h3 class=\"elementor-image-box-title\">H\u00fcmral Tan<\/h3><p class=\"elementor-image-box-description\"><b>Y\u00f6netici Ko\u00e7u<\/b><br>\nMuhasebe, denetim, b\u00fct\u00e7eleme, organizasyon, vergi ve ticaret hukuku ile i\u015f hukuku alanlar\u0131nda dan\u0131\u015fmanl\u0131k hizmetleri vermektedir.<\/p><\/div><\/div>\t\t<\/div>\n\t\t\t\t<\/div>\n\t\t\t\t\t<\/div>\n\t\t<\/div>\n\t\t\t\t<div class=\"elementor-column elementor-col-50 elementor-inner-column elementor-element elementor-element-fac79fd\" data-id=\"fac79fd\" data-element_type=\"column\">\n\t\t\t<div class=\"elementor-widget-wrap elementor-element-populated\">\n\t\t\t\t\t\t<div class=\"elementor-element elementor-element-c3d3037 elementor-position-top elementor-widget elementor-widget-image-box\" data-id=\"c3d3037\" data-element_type=\"widget\" data-widget_type=\"image-box.default\">\n\t\t\t\t<div class=\"elementor-widget-container\">\n\t\t\t<div class=\"elementor-image-box-wrapper\"><figure class=\"elementor-image-box-img\"><img decoding=\"async\" width=\"300\" height=\"300\" src=\"https:\/\/www.tacettintatliagiz.com\/2024\/wp-content\/uploads\/2024\/08\/mehmet-ak-300.jpg\" class=\"attachment-full size-full wp-image-2734\" alt=\"\" srcset=\"https:\/\/www.tacettintatliagiz.com\/2024\/wp-content\/uploads\/2024\/08\/mehmet-ak-300.jpg 300w, https:\/\/www.tacettintatliagiz.com\/2024\/wp-content\/uploads\/2024\/08\/mehmet-ak-300-150x150.jpg 150w\" sizes=\"(max-width: 300px) 100vw, 300px\" \/><\/figure><div class=\"elementor-image-box-content\"><h3 class=\"elementor-image-box-title\">Mehmet Ak<\/h3><p class=\"elementor-image-box-description\"><b>Marka Dan\u0131\u015fman\u0131<\/b><br>\n\u0130\u015f d\u00fcnyas\u0131n\u0131n sayg\u0131de\u011fer isimlerine ve firmalar\u0131na e\u011fitim seminerleri vermektedir.<\/p><\/div><\/div>\t\t<\/div>\n\t\t\t\t<\/div>\n\t\t\t\t\t<\/div>\n\t\t<\/div>\n\t\t\t\t\t<\/div>\n\t\t<\/section>\n\t\t\t\t<div class=\"elementor-element elementor-element-ca735a5 elementor-widget-divider--view-line elementor-widget elementor-widget-divider\" data-id=\"ca735a5\" data-element_type=\"widget\" data-widget_type=\"divider.default\">\n\t\t\t\t<div class=\"elementor-widget-container\">\n\t\t\t\t\t<div class=\"elementor-divider\">\n\t\t\t<span class=\"elementor-divider-separator\">\n\t\t\t\t\t\t<\/span>\n\t\t<\/div>\n\t\t\t\t<\/div>\n\t\t\t\t<\/div>\n\t\t\t\t<section class=\"elementor-section elementor-inner-section elementor-element elementor-element-fa97d91 elementor-section-boxed elementor-section-height-default elementor-section-height-default\" data-id=\"fa97d91\" data-element_type=\"section\">\n\t\t\t\t\t\t<div class=\"elementor-container elementor-column-gap-default\">\n\t\t\t\t\t<div class=\"elementor-column elementor-col-50 elementor-inner-column elementor-element elementor-element-d26d4ba\" data-id=\"d26d4ba\" data-element_type=\"column\">\n\t\t\t<div class=\"elementor-widget-wrap elementor-element-populated\">\n\t\t\t\t\t\t<div class=\"elementor-element elementor-element-ef3874e elementor-position-top elementor-widget elementor-widget-image-box\" data-id=\"ef3874e\" data-element_type=\"widget\" data-widget_type=\"image-box.default\">\n\t\t\t\t<div class=\"elementor-widget-container\">\n\t\t\t<div class=\"elementor-image-box-wrapper\"><figure class=\"elementor-image-box-img\"><img decoding=\"async\" width=\"300\" height=\"300\" src=\"https:\/\/www.tacettintatliagiz.com\/2024\/wp-content\/uploads\/2024\/08\/SadiAslangiray-300x300-1.jpg\" class=\"attachment-full size-full wp-image-2732\" alt=\"\" srcset=\"https:\/\/www.tacettintatliagiz.com\/2024\/wp-content\/uploads\/2024\/08\/SadiAslangiray-300x300-1.jpg 300w, https:\/\/www.tacettintatliagiz.com\/2024\/wp-content\/uploads\/2024\/08\/SadiAslangiray-300x300-1-150x150.jpg 150w\" sizes=\"(max-width: 300px) 100vw, 300px\" \/><\/figure><div class=\"elementor-image-box-content\"><h3 class=\"elementor-image-box-title\">Sadi Aslangiray<\/h3><p class=\"elementor-image-box-description\"><b>Yeni Platform Para Ve Sermaye Piyasalar\u0131<\/b><br>\nPara ve sermaye piyasas\u0131 hukuku alan\u0131nda kurumsal dan\u0131\u015fmanl\u0131k hizmetlerini s\u00fcrd\u00fcrmektedir.<\/p><\/div><\/div>\t\t<\/div>\n\t\t\t\t<\/div>\n\t\t\t\t\t<\/div>\n\t\t<\/div>\n\t\t\t\t<div class=\"elementor-column elementor-col-50 elementor-inner-column elementor-element elementor-element-61a6cd8\" data-id=\"61a6cd8\" data-element_type=\"column\">\n\t\t\t<div class=\"elementor-widget-wrap elementor-element-populated\">\n\t\t\t\t\t\t<div class=\"elementor-element elementor-element-b0d48b0 elementor-position-top elementor-widget elementor-widget-image-box\" data-id=\"b0d48b0\" data-element_type=\"widget\" data-widget_type=\"image-box.default\">\n\t\t\t\t<div class=\"elementor-widget-container\">\n\t\t\t<div class=\"elementor-image-box-wrapper\"><figure class=\"elementor-image-box-img\"><img loading=\"lazy\" decoding=\"async\" width=\"300\" height=\"300\" src=\"https:\/\/www.tacettintatliagiz.com\/2024\/wp-content\/uploads\/2024\/08\/FatihGuclu-300x300-1.jpg\" class=\"attachment-full size-full wp-image-2731\" alt=\"\" srcset=\"https:\/\/www.tacettintatliagiz.com\/2024\/wp-content\/uploads\/2024\/08\/FatihGuclu-300x300-1.jpg 300w, https:\/\/www.tacettintatliagiz.com\/2024\/wp-content\/uploads\/2024\/08\/FatihGuclu-300x300-1-150x150.jpg 150w\" sizes=\"(max-width: 300px) 100vw, 300px\" \/><\/figure><div class=\"elementor-image-box-content\"><h3 class=\"elementor-image-box-title\">Fatih G\u00fc\u00e7l\u00fc<\/h3><p class=\"elementor-image-box-description\"><b>Hukuk Dan\u0131\u015fman\u0131<\/b><br>\nT\u00fcrkiye\u2019de kendini geli\u015ftiren yerli ve yabanc\u0131 sermayeli \u015firketlere Fikri Haklar\u0131n Stratejik Y\u00f6netimi ve Ticarile\u015ftirilmesi ile ilgili olarak konusunda uzman teknik \u00e7\u00f6z\u00fcm ortaklar\u0131yla birlikte dan\u0131\u015fmanl\u0131k hizmetleri sunmaktad\u0131r.<\/p><\/div><\/div>\t\t<\/div>\n\t\t\t\t<\/div>\n\t\t\t\t\t<\/div>\n\t\t<\/div>\n\t\t\t\t\t<\/div>\n\t\t<\/section>\n\t\t\t\t<div class=\"elementor-element elementor-element-71c5460 elementor-widget-divider--view-line elementor-widget elementor-widget-divider\" data-id=\"71c5460\" data-element_type=\"widget\" data-widget_type=\"divider.default\">\n\t\t\t\t<div class=\"elementor-widget-container\">\n\t\t\t\t\t<div class=\"elementor-divider\">\n\t\t\t<span class=\"elementor-divider-separator\">\n\t\t\t\t\t\t<\/span>\n\t\t<\/div>\n\t\t\t\t<\/div>\n\t\t\t\t<\/div>\n\t\t\t\t<section class=\"elementor-section elementor-inner-section elementor-element elementor-element-72ff11e elementor-section-boxed elementor-section-height-default elementor-section-height-default\" data-id=\"72ff11e\" data-element_type=\"section\">\n\t\t\t\t\t\t<div class=\"elementor-container elementor-column-gap-default\">\n\t\t\t\t\t<div class=\"elementor-column elementor-col-50 elementor-inner-column elementor-element elementor-element-e8c4691\" data-id=\"e8c4691\" data-element_type=\"column\">\n\t\t\t<div class=\"elementor-widget-wrap elementor-element-populated\">\n\t\t\t\t\t\t<div class=\"elementor-element elementor-element-3e5b745 elementor-position-top elementor-widget elementor-widget-image-box\" data-id=\"3e5b745\" data-element_type=\"widget\" data-widget_type=\"image-box.default\">\n\t\t\t\t<div class=\"elementor-widget-container\">\n\t\t\t<div class=\"elementor-image-box-wrapper\"><figure class=\"elementor-image-box-img\"><img loading=\"lazy\" decoding=\"async\" width=\"300\" height=\"300\" src=\"https:\/\/www.tacettintatliagiz.com\/2024\/wp-content\/uploads\/2024\/08\/Teoman-Kozan-300x300-1.jpg\" class=\"attachment-full size-full wp-image-2735\" alt=\"\" srcset=\"https:\/\/www.tacettintatliagiz.com\/2024\/wp-content\/uploads\/2024\/08\/Teoman-Kozan-300x300-1.jpg 300w, https:\/\/www.tacettintatliagiz.com\/2024\/wp-content\/uploads\/2024\/08\/Teoman-Kozan-300x300-1-150x150.jpg 150w\" sizes=\"(max-width: 300px) 100vw, 300px\" \/><\/figure><div class=\"elementor-image-box-content\"><h3 class=\"elementor-image-box-title\">Teoman Kozan<\/h3><p class=\"elementor-image-box-description\"><b>Y\u00f6netmen - Yap\u0131mc\u0131<\/b><br>\nMesleki deneyimini \u00fcniversitelerde kat\u0131ld\u0131\u011f\u0131 workshoplarda, kurumsal e\u011fitim programlar\u0131nda, ki\u015fisel geli\u015fim e\u011fitimlerinde, seminerlerde gen\u00e7 ku\u015faklara aktarmaktad\u0131r.<\/p><\/div><\/div>\t\t<\/div>\n\t\t\t\t<\/div>\n\t\t\t\t\t<\/div>\n\t\t<\/div>\n\t\t\t\t<div class=\"elementor-column elementor-col-50 elementor-inner-column elementor-element elementor-element-d82005b\" data-id=\"d82005b\" data-element_type=\"column\">\n\t\t\t<div class=\"elementor-widget-wrap\">\n\t\t\t\t\t\t\t<\/div>\n\t\t<\/div>\n\t\t\t\t\t<\/div>\n\t\t<\/section>\n\t\t\t\t\t<\/div>\n\t\t<\/div>\n\t\t\t\t\t<\/div>\n\t\t<\/section>\n\t\t\t\t<section class=\"elementor-section elementor-top-section elementor-element elementor-element-d37e9bf elementor-section-boxed elementor-section-height-default elementor-section-height-default\" data-id=\"d37e9bf\" data-element_type=\"section\">\n\t\t\t\t\t\t<div class=\"elementor-container elementor-column-gap-default\">\n\t\t\t\t\t<div class=\"elementor-column elementor-col-100 elementor-top-column elementor-element elementor-element-c7173cd\" data-id=\"c7173cd\" data-element_type=\"column\">\n\t\t\t<div class=\"elementor-widget-wrap\">\n\t\t\t\t\t\t\t<\/div>\n\t\t<\/div>\n\t\t\t\t\t<\/div>\n\t\t<\/section>\n\t\t\t\t<\/div>\n\t\t","protected":false},"excerpt":{"rendered":"<p>H\u00fcmral Tan Y\u00f6netici Ko\u00e7u Muhasebe, denetim, b\u00fct\u00e7eleme, organizasyon, vergi ve ticaret hukuku ile i\u015f hukuku alanlar\u0131nda dan\u0131\u015fmanl\u0131k hizmetleri vermektedir. Mehmet&#8230; <\/p>\n<div class=\"readmore\"><a href=\"https:\/\/www.tacettintatliagiz.com\/2024\/cozum-ortaklari\/\" class=\"lnk\">Read more<\/a><\/div>\n","protected":false},"author":1,"featured_media":0,"parent":0,"menu_order":0,"comment_status":"closed","ping_status":"closed","template":"","meta":{"_acf_changed":false,"_monsterinsights_skip_tracking":false,"_monsterinsights_sitenote_active":false,"_monsterinsights_sitenote_note":"","_monsterinsights_sitenote_category":0,"footnotes":""},"class_list":["post-2729","page","type-page","status-publish","hentry"],"acf":[],"aioseo_notices":[],"_links":{"self":[{"href":"https:\/\/www.tacettintatliagiz.com\/2024\/wp-json\/wp\/v2\/pages\/2729","targetHints":{"allow":["GET"]}}],"collection":[{"href":"https:\/\/www.tacettintatliagiz.com\/2024\/wp-json\/wp\/v2\/pages"}],"about":[{"href":"https:\/\/www.tacettintatliagiz.com\/2024\/wp-json\/wp\/v2\/types\/page"}],"author":[{"embeddable":true,"href":"https:\/\/www.tacettintatliagiz.com\/2024\/wp-json\/wp\/v2\/users\/1"}],"replies":[{"embeddable":true,"href":"https:\/\/www.tacettintatliagiz.com\/2024\/wp-json\/wp\/v2\/comments?post=2729"}],"version-history":[{"count":10,"href":"https:\/\/www.tacettintatliagiz.com\/2024\/wp-json\/wp\/v2\/pages\/2729\/revisions"}],"predecessor-version":[{"id":2745,"href":"https:\/\/www.tacettintatliagiz.com\/2024\/wp-json\/wp\/v2\/pages\/2729\/revisions\/2745"}],"wp:attachment":[{"href":"https:\/\/www.tacettintatliagiz.com\/2024\/wp-json\/wp\/v2\/media?parent=2729"}],"curies":[{"name":"wp","href":"https:\/\/api.w.org\/{rel}","templated":true}]}}