{"id":2747,"date":"2024-08-23T11:32:36","date_gmt":"2024-08-23T08:32:36","guid":{"rendered":"https:\/\/www.tacettintatliagiz.com\/2024\/?page_id=2747"},"modified":"2024-08-23T11:33:05","modified_gmt":"2024-08-23T08:33:05","slug":"ambalajlama","status":"publish","type":"page","link":"https:\/\/www.tacettintatliagiz.com\/2024\/ambalajlama\/","title":{"rendered":"Ambalajlama"},"content":{"rendered":"\n<p>\u0130lk \u00e7a\u011flarda insanlar kendi ihtiya\u00e7lar\u0131n\u0131 \u00fcrettiler, daha sonra ihtiya\u00e7 fazlas\u0131 \u00fcrettiklerini ba\u015fka ihtiya\u00e7 duyduklar\u0131yla de\u011fi\u015ftirdiler. Zamanla \u00fcretimde ihtisasla\u015fma ba\u015flad\u0131 ve \u00fcretilenler parayla sat\u0131l\u0131r hale geldi.<\/p>\n\n\n\n<p>Ekonomi geli\u015ferek aileden \u00e7\u0131k\u0131p k\u00f6ye, kasabaya, \u015fehre, \u00fclkeye sonunda da t\u00fcm d\u00fcnyaya yay\u0131ld\u0131. Ekonominin kendi dengeleri i\u00e7indeki krallar\u0131 ise zaman zaman de\u011fi\u015fti.<\/p>\n\n\n\n<h2 class=\"wp-block-heading\"><em>Bir s\u00fcre &#8220;\u00fcreticiler&#8221; krald\u0131.<\/em><\/h2>\n\n\n\n<p>Ard\u0131ndan arac\u0131 kurumlar, toptanc\u0131lar, bayiler kral olma \u015fans\u0131n\u0131 yakalad\u0131. 1930 sanayi devrimiyle birlikte d\u00fcnya globalle\u015fmeye ba\u015flad\u0131. \u00dcr\u00fcnlerin \u00e7e\u015fitleri artt\u0131. Markala\u015fma \u00f6nem kazand\u0131. \u00dcnl\u00fc markalar d\u00fcnyan\u0131n en \u00fccra k\u00f6\u015felerine dahi ula\u015ft\u0131lar. Bu yeni pazar aray\u0131\u015flar\u0131 yerli ve yabanc\u0131 rakiplerin pazar i\u00e7ersinde yer almas\u0131na da neden oldu. Art\u0131k \u00fcreticiler d\u00fcnyan\u0131n d\u00f6rt bir taraf\u0131nda \u00fcretilen pek \u00e7ok markay\u0131 daha fazla satabilmek i\u00e7in t\u00fcm \u00fclkelerin pazarlar\u0131n\u0131 zorlamaktalar. \u015eimdi \u00fcreticiler de ve arac\u0131 kurumlar da yeni kral\u0131 tan\u0131yor ve \u00f6n\u00fcnde e\u011filiyorlar.<\/p>\n\n\n\n<h2 class=\"wp-block-heading\"><em>Yeni kral &#8220;t\u00fcketicidir&#8221;.<\/em><\/h2>\n\n\n\n<p>Yeni krala kendilerini be\u011fendirmek isteyen markalar fiyatta, kalitede ve hizmette zorlu bir rekabet i\u00e7erisine girerken do\u011fal olarak g\u00f6rselli\u011fe de \u00e7ok \u00f6nem veriyorlar. Krala cazip gelecek \u00fcr\u00fcn ambalajlar\u0131n\u0131 ve etiketlerini yaratabilmek i\u00e7in ise harcanan \u00e7abalar ise ger\u00e7ekten dikkate de\u011fer.<\/p>\n\n\n\n<p>G\u00fcn\u00fcm\u00fczde, Konvansiyonel ve Dijital teknolojilerin de katk\u0131lar\u0131 ile al\u0131m\u0131 ve insanlar\u0131 etkileyen, sat\u0131\u015f\u0131 tetikleyen, bireysel ve t\u00fczel bilgilerin y\u00fckl\u00fc oldu\u011fu albenisi insan davran\u0131\u015f bilimine uyarlanm\u0131\u015f ambalajlar (Packaging-ler) raflarda yerini ald\u0131.<\/p>\n","protected":false},"excerpt":{"rendered":"<p>\u0130lk \u00e7a\u011flarda insanlar kendi ihtiya\u00e7lar\u0131n\u0131 \u00fcrettiler, daha sonra ihtiya\u00e7 fazlas\u0131 \u00fcrettiklerini ba\u015fka ihtiya\u00e7 duyduklar\u0131yla de\u011fi\u015ftirdiler. Zamanla \u00fcretimde ihtisasla\u015fma ba\u015flad\u0131 ve&#8230; <\/p>\n<div class=\"readmore\"><a href=\"https:\/\/www.tacettintatliagiz.com\/2024\/ambalajlama\/\" class=\"lnk\">Read more<\/a><\/div>\n","protected":false},"author":1,"featured_media":2506,"parent":0,"menu_order":0,"comment_status":"closed","ping_status":"closed","template":"","meta":{"_acf_changed":false,"_monsterinsights_skip_tracking":false,"_monsterinsights_sitenote_active":false,"_monsterinsights_sitenote_note":"","_monsterinsights_sitenote_category":0,"footnotes":""},"class_list":["post-2747","page","type-page","status-publish","has-post-thumbnail","hentry"],"acf":[],"aioseo_notices":[],"_links":{"self":[{"href":"https:\/\/www.tacettintatliagiz.com\/2024\/wp-json\/wp\/v2\/pages\/2747","targetHints":{"allow":["GET"]}}],"collection":[{"href":"https:\/\/www.tacettintatliagiz.com\/2024\/wp-json\/wp\/v2\/pages"}],"about":[{"href":"https:\/\/www.tacettintatliagiz.com\/2024\/wp-json\/wp\/v2\/types\/page"}],"author":[{"embeddable":true,"href":"https:\/\/www.tacettintatliagiz.com\/2024\/wp-json\/wp\/v2\/users\/1"}],"replies":[{"embeddable":true,"href":"https:\/\/www.tacettintatliagiz.com\/2024\/wp-json\/wp\/v2\/comments?post=2747"}],"version-history":[{"count":1,"href":"https:\/\/www.tacettintatliagiz.com\/2024\/wp-json\/wp\/v2\/pages\/2747\/revisions"}],"predecessor-version":[{"id":2748,"href":"https:\/\/www.tacettintatliagiz.com\/2024\/wp-json\/wp\/v2\/pages\/2747\/revisions\/2748"}],"wp:featuredmedia":[{"embeddable":true,"href":"https:\/\/www.tacettintatliagiz.com\/2024\/wp-json\/wp\/v2\/media\/2506"}],"wp:attachment":[{"href":"https:\/\/www.tacettintatliagiz.com\/2024\/wp-json\/wp\/v2\/media?parent=2747"}],"curies":[{"name":"wp","href":"https:\/\/api.w.org\/{rel}","templated":true}]}}